
495
Calculate the remainder when 83499113 is divided by 253.
5
Calculate the remainder when 152073065 is divided by 413242.
9
What is the remainder when 1773657 is divided by 140?
137
Calculate the remainder when 1167228 is divided by 568.
556
Calculate the remainder when 15487 is divided by 2489.
553
Calculate the remainder when 1524701 is divided by 3466.
3127
Calculate the remainder when 1060560 is divided by 497.
459
Calculate the remainder when 199084 is divided by 198822.
262
Calculate the remainder when 45251549 is divided by 28124.
33
Calculate the remainder when 10945 is divided by 10915.
30
What is the remainder when 1695598 is divided by 130430?
8
What is the remainder when 421134873 is divided by 1823?
1820
What is the remainder when 122636 is divided by 1830?
26
What is the remainder when 108539 is divided by 108519?
20
What is the remainder when 119048757 is divided by 7624?
7621
Calculate the remainder when 6259534 is divided by 310.
14
What is the remainder when 85551319 is divided by 4049?
4047
Calculate the remainder when 49893768 is divided by 18130.
8
Calculate the remainder when 13623020 is divided by 31.
8
What is the remainder when 607990 is divided by 46760?
110
Calculate the remainder when 7513594 is divided by 146.
142
Calculate the remainder when 43527471 is divided by 225.
96
Calculate the remainder when 31447288 is divided by 79.
74
Calculate the remainder when 17331427 is divided by 30784.
35
What is the remainder when 7694901 is divided by 1667?
29
Calculate the remainder when 1071694 is divided by 82.
36
What is the remainder when 8424132 is divided by 974?
6
Calculate the remainder when 12288076 is divided by 137.
135
Calculate the remainder when 3449856 is divided by 246418.
4
Calculate the remainder when 85993 is divided by 42888.
217
What is the remainder when 833834 is divided by 833724?
110
What is the remainder when 12495137 is divided by 5?
2
Calculate the remainder when 1821784 is divided by 18589.
62
Calculate the remainder when 31296172 is divided by 129.
127
What is the remainder when 908381 is divided by 85?
71
Calculate the remainder when 447729 is divided by 1699.
892
What is the remainder when 8450515 is divided by 1312?
1235
What is the remainder when 7092086 is divided by 34?
26
Calculate the remainder when 2163 is divided by 298.
77
Calculate the remainder when 145794 is divided by 239.
4
What is the remainder when 3480518 is divided by 204736?
6
Calculate the remainder when 16401559 is divided by 84544.
23
Calculate the remainder when 929323 is divided by 4225.
4048
What is the remainder when 7040281 is divided by 352013?
21
What is the remainder when 106899611 is divided by 139?
132
Calculate the remainder when 4763541 is divided by 824.
821
Calculate the remainder when 39791192 is divided by 7995.
77
Calculate the remainder when 521294 is divided by 2701.
1
Calculate the remainder when 77625 is divided by 251.
66
Calculate the remainder when 274274 is divided by 27421.
64
Calculate the remainder when 299299 is divided by 2474.
2419
What is the remainder when 2101089 is divided by 53?
10
Calculate the remainder when 226761 is divided by 222559.
4202
Calculate the remainder when 914131 is divided by 25391.
55
Calculate the remainder when 913314 is divided by 828.
30
Calculate the remainder when 31722898 is divided by 3524760.
58
Calculate the remainder when 519672 is divided by 973.
90
Calculate the remainder when 39319 is divided by 7613.
1254
Calculate the remainder when 2439747 is divided by 190.
147
What is the remainder when 974392 is divided by 141?
82
Calculate the remainder when 94090 is divided by 12756.
4798
What is the remainder when 1781536 is divided by 330?
196
What is the remainder when 842017 is divided by 1545?
1537
Calculate the remainder when 164349 is divided by 164003.
346
Calculate the remainder when 527994 is divided by 2854.
4
Calculate the remainder when 1250835 is divided by 749.
5
What is the remainder when 233455 is divided by 654?
631
Calculate the remainder when 10244 is divided by 369.
281
What is the remainder when 465863 is divided by 124?
119
Calculate the remainder when 163588 is divided by 60.
28
Calculate the remainder when 7430435 is divided by 1329.
1325
What is the remainder when 8189044 is divided by 372227?
50
What is the remainder when 15934833 is divided by 24?
9
Calculate the remainder when 700 is divided by 494.
206
Calculate the remainder when 100544 is divided by 33356.
476
What is the remainder when 5822239 is divided by 194074?
19
What is the remainder when 1139231 is divided by 98?
79
Calculate the remainder when 74571 is divided by 517.
123
Calculate the remainder when 234475 is divided by 29161.
1187
What is the remainder when 54803 is divided by 54788?
15
What is the remainder when 8640778 is divided by 60?
58
Calculate the remainder when 46622 is divided by 45993.
629
Calculate the remainder when 88200553 is divided by 54.
31
Calculate the remainder when 47930033 is divided by 4606.
4603
Calculate the remainder when 1121525 is divided by 224295.
50
What is the remainder when 4654147 is divided by 11965?
11727
Calculate the remainder when 260203326 is divided by 308.
306
Calculate the remainder when 27107469 is divided by 86.
11
Calculate the remainder when 2543036 is divided by 29.
26
Calculate the remainder when 4771645 is divided by 283.
265
Calculate the remainder when 4844776 is divided by 59812.
4
What is the remainder when 101185 is divided by 2896?
2721
Calculate the remainder when 157160767 is divided by 757.
754
What is the remainder when 1773740 is divided by 295623?
2
Calculate the remainder when 19094610 is divided by 1447.
1445
What is the remainder when 125146 is divided by 13841?
577
Calculate the remainder when 8290697 is divided by 2729.
2724
What is the remainder when 1930916 is divided by 15?
11
Calculate the remainder when 7558731 is divided by 33.
15
Calculate the remainder when 18730974 is divided by 176.
174
What is the remainder when 266027 is divided by 266023?
4
What is the remainder when 80049557 is divided by 40?
37
Calculate the remainder when 5963 is divided by 1935.
158
Calculate the remainder when 788051 is divided by 929.
259
Calculate the remainder when 4477426 is divided by 49202.
44
What is the remainder when 25635206 is divided by 39?
38
What is the remainder when 10313 is divided by 438?
239
Calculate the remainder when 2604641 is divided by 95.
26
What is the remainder when 202628 is divided by 124?
12
Calculate the remainder when 6518783 is divided by 118523.
18
What is the remainder when 9620618 is divided by 1580?
1578
Calculate the remainder when 9444807 is divided by 4722398.
11
What is the remainder when 1101077 is divided by 16905?
2252
Calculate the remainder when 35607357 is divided by 6906.
21
What is the remainder when 366656 is divided by 965?
921
Calculate the remainder when 12811794 is divided by 2730.
2634
What is the remainder when 194509 is divided by 637?
224
Calculate the remainder when 4974107 is divided by 129.
125
What is the remainder when 135656531 is divided by 5508?
5507
Calculate the remainder when 656291 is divided by 8867.
133
What is the remainder when 440025 is divided by 327?
210
What is the remainder when 821720591 is divided by 8624?
8623
Calculate the remainder when 85591 is divided by 323.
319
What is the remainder when 8218046 is divided by 2739310?
116
What is the remainder when 31748 is divided by 7937?
0
What is the remainder when 9658878 is divided by 2744?
2742
Calculate the remainder when 25018391 is divided by 4400.
4391
What is the remainder when 5542653 is divided by 168?
165
Calculate the remainder when 1714463 is divided by 214182.
1007
What is the remainder when 4807623 is divided by 32?
7
What is the remainder when 312699 is divided by 226?
141
What is the remainder when 23039445 is divided by 638?
627
What is the remainder when 33445 is divided by 666?
145
Calculate the remainder when 1013910 is divided by 13512.
510
What is the remainder when 79007803 is divided by 13167966?
7
Calculate the remainder when 239618 is divided by 599.
18
What is the remainder when 24503 is divided by 7829?
1016
Calculate the remainder when 119391 is divided by 493